ate the highest common divisor of z and s.
4
Let w(x) = -x**3 + 5*x**2 - 4*x - 6. Let v be w(3). Suppose v = 5*y - 29 - 11. What is the greatest common factor of 40 and y?
8
Let s = 10 - -16. Suppose 9*t + 0*t = 1170. What is the highest common factor of s and t?
26
Let t(r) = r**2 - 15*r + 17. Let k be t(15). Calculate the highest common factor of 17 and k.
17
Suppose -4*k + 25 = -2*m + 79, 132 = 4*m + 4*k. Calculate the greatest common factor of m and 279.
31
Let n(q) = 4*q**2 + 95*q - 14. Let c be n(-28). Calculate the highest common factor of 66 and c.
66
Let f be 4/7*(88 + -74). Calculate the greatest common divisor of f and 268.
4
Suppose 111 = -5*d + 566. Let s = d + -51. Calculate the greatest common factor of 5 and s.
5
Suppose -1830*x + 1813*x = -2142. Let c(r) = 3*r + 4. Let s be c(8). Suppose -s = -m - m. What is the greatest common factor of x and m?
14
Suppose 5 = 2*m + 9. Let c be 477/45 + m/(-5). Calculate the highest common factor of 77 and c.
11
Let q be 45/(-39) - 8/(-52). Let o be q*-6*27/3. Suppose 2*i = 3*i + 5*n - 46, 2*i + 4*n = 80. What is the highest common divisor of o and i?
18
Let l = -499 + 505. What is the highest common factor of 462 and l?
6
Let q = 67 + 2. What is the highest common divisor of 1587 and q?
69
Let y = 9 + 105. Suppose -11*k + 3*k = -304. Calculate the greatest common factor of k and y.
38
Let s(q) be the second derivative of -2*q + 0 + 3/2*q**2 + 1/6*q**3. Let m be s(7). Calculate the greatest common divisor of m and 40.
10
Let o be 7/3 + 2/(-6). Let c be (-3)/(15/(-20)) - o. Suppose 2*l = c + 148. What is the highest common divisor of l and 25?
25
Let r be (-73)/(-4) + 5 + (-1)/4. Calculate the highest common divisor of r and 115.
23
Let v be (71 - -9) + (0 - 2). Let a = 81 - v. What is the greatest common factor of 48 and a?
3
Let x = 147 + -84. What is the highest common factor of x and 42?
21
Let m(z) = -3*z + 10. Let b(t) = -2*t**3 + t - 4. Let h be b(2). Let y be m(h). Suppose 0 = 2*n - 12 - 20. What is the highest common divisor of n and y?
16
Let l(w) = -55*w + 2. Let b be l(-2). Calculate the greatest common factor of b and 98.
14
Suppose -12*z + 93 = -447. Let o(b) = -b**2 - 12*b - 6. Let x be o(-6). Calculate the highest common factor of z and x.
15
Suppose -3*g + 2*y + 416 = 0, 2*g - 129 - 149 = 2*y. Calculate the greatest common factor of 6 and g.
6
Suppose 68*c - 615 = 1697. Suppose 2*b + 2 = 0, b + 145 = 4*a - 60. Calculate the greatest common divisor of c and a.
17
Suppose -2*d + 2297 = 5*b, -14*d + 9*d + 923 = 2*b. What is the greatest common divisor of 17 and b?
17
Let l(w) = -18*w - 34. Let c be l(-3). Calculate the greatest common divisor of 140 and c.
20
Let t = 137 - 109. Calculate the highest common factor of 196 and t.
28
Let i(t) be the first derivative of 9 - 12*t + 2/3*t**3 - 3*t**2. Let j be i(6). What is the highest common divisor of 3 and j?
3
Let r be ((-1)/(-3))/((-2)/(-6)). Let i(h) = -2*h - 6 - 2*h**2 + 16*h**3 - 3*h**2 - 17*h**3. Let k be i(-5). What is the greatest common divisor of k and r?
1
Let m be 60/(-8)*(4 + 24/(-5)). Let q = -53 - -62. Calculate the greatest common factor of q and m.
3
Let z be -3*22/(-6) - -1. Let l = z + -9. Suppose -110 = -3*a - a - y, -4*a = l*y - 106. Calculate the highest common divisor of 4 and a.
4
Let p = -6 + 12. Suppose -3*g + p = -g. Suppose -g*i + 112 = -158. Calculate the greatest common factor of 36 and i.
18
Let g = -72 + 109. Let h = 379 + -83. What is the greatest common divisor of g and h?
37
Let c be (-8)/(-10) + 36/5. Suppose 36 - 148 = -c*k. Calculate the greatest common divisor of k and 112.
14
Let f be ((-1)/((-2)/34))/1. Let y(c) = -c**2 - 6*c - 8. Let k be y(-6). Let s = k + f. What is the greatest common divisor of 9 and s?
9
Let f(r) = -r**2 - 60*r + 53. Let d be f(-60). What is the greatest common factor of 2491 and d?
53
Let h = -12 - -36. Let q(w) = 3*w - 6. Let u be q(14). Calculate the greatest common factor of u and h.
12
Suppose n + 4*b - 71 = 15, 0 = 2*b + 2. Let q = n - 64. Let h(m) = -m**2 - 12*m + 28. Let l be h(-11). What is the greatest common factor of l and q?
13
Suppose -x = 3*x - 12. Suppose 3*v - x*l = -9, -4*v + l + 3 = -0. Suppose v*z - 350 = -3*z. What is the highest common divisor of z and 14?
14
Suppose 0 = 8*d + 1735 - 6047. What is the greatest common divisor of 33 and d?
11
Let g be (280/160)/(-1 + 58/56). Suppose i - 2*b + 5*b = 8, 4*i - g = 5*b. What is the highest common divisor of 22 and i?
11
Suppose 70 = 5*w - 90. Calculate the greatest common factor of w and 12.
4
Let j(x) = -x**2 - 19*x + 4. Let i be j(-14). Suppose -4*f = -2*p + 7*p - 119, 3*p + 5*f = i. Let a = 1 + 22. What is the highest common divisor of p and a?
23
Let i be (4/6 + 1)/((-5)/(-15)). Suppose q = 4*d + d - 21, d - i = 0. Calculate the highest common divisor of 52 and q.
4
Let u be 9/(-9)*(-18)/2. Let v be (-18 + 17)/(-1 - (-8)/9). What is the highest common divisor of u and v?
9
Suppose 2*v = d + 1, -9 = 3*d - 0. Let l be v*(0 - -455)/(-5). What is the highest common factor of 26 and l?
13
Let r = 70 - 64. What is the greatest common divisor of 14 and r?
2
Let x be ((-18)/(-15))/(12/40). Let g(k) = 6*k + 4. Let d be g(x). Suppose 14*c - 811 + 27 = 0. Calculate the greatest common divisor of c and d.
28
Suppose -48*c + 10475 = 1211. Calculate the greatest common divisor of 1 and c.
1
Let a(c) = 2*c - 1. Let s be a(6). Suppose 4*h + 14*h - 3575 = -7*h. What is the greatest common divisor of h and s?
11
Let k = 19 - 22. Let f = k - -13. Let o(c) = 4*c - 18. Let x be o(f). What is the greatest common factor of 242 and x?
22
Let g be -4 + (-13)/(-4) - 15/(-4). Suppose -u + 23 = -g. Calculate the highest common divisor of 130 and u.
26
Let p(k) = -k**2 + 5*k + 13. Let b be p(7). Let d be 8 + -1*(2 + b). Suppose 0 = -y + d + 11. Calculate the highest common factor of y and 162.
18
Let g(n) = n**3 - 9*n**2 - 11*n + 12. Let w be g(10). Suppose 55 = w*f - 65. Suppose -10*c + 50 = -1450. Calculate the greatest common divisor of c and f.
30
Let x be 3/(-9) + (-58)/(-3). Suppose -i = 5*m + x, -m = i - 0*i + 15. Let s = i - -25. Calculate the greatest common factor of 121 and s.
11
Suppose -5*x = 4*p - 36, 5*x + 0*x = p + 16. Let z be (2/6)/(p - 334/84). What is the highest common divisor of 126 and z?
14
Suppose 5*h + 101 - 121 = 0. Suppose 0*z - 4*z + 24 = 0. Calculate the highest common divisor of h and z.
2
Let y(s) = 2*s**2 + 15*s + 51. Let i be y(-5). Let d(c) = 3*c**2 + 7*c - 1. Let u be d(-5). Calculate the highest common factor of u and i.
13
Let v be 1480/(-222)*(1 - 4). Suppose 4*m = -0 + 16. Calculate the greatest common divisor of v and m.
4
Let x(a) = -9*a - 120. Let r be x(-15). What is the greatest common factor of r and 24?
3
Let q be ((2 - 1)*-4)/(3/(-45)). Suppose 2*t + 1 + 19 = j, 2*t = -4*j + q. What is the highest common divisor of 2 and j?
2
Let b = 141 - 101. Suppose 32 + b = 2*n. Calculate the highest common factor of 144 and n.
36
Let g(p) be the first derivative of p**2 - 2*p + 4. Let s = 17 - 5. Let j be g(s). Calculate the greatest common factor of 44 and j.
22
Let b = 22 - 16. Suppose -r = -2*x + 4, 5*r = 2*x + b - 2. Let z be -4 + 1 - (x - 8). Calculate the highest common factor of 3 and z.
1
Let w(k) = -2*k**3 + 6*k**2 - k + 11. Let l be w(5). Let t = -66 - l. What is the highest common factor of t and 42?
14
Let o = -271 + 295. Let m be 60*(6 - 3 - 2). Calculate the greatest common divisor of o and m.
12
Let f(t) = -t**3 + 7. Let k be f(0). Let v be 11/(15/20 - 1). Let m be -2*4/v + (-1228)/(-22). What is the highest common factor of k and m?
7
Suppose -5*f + 415 = 4*l - 350, -3*f - 4*l + 459 = 0. Calculate the highest common factor of f and 119.
17
Let r = -133 - -143. What is the highest common divisor of 340 and r?
10
Let b = 212 - 202. What is the highest common divisor of 410 and b?
10
Let z = 10 + -5. Suppose 0 = -5*q + 60 - z. Let c = 23 + -12. Calculate the greatest common divisor of q and c.
11
Let x(a) = -a**3 - 8*a**2 - 14*a - 2. Suppose -3*d = -4*d - 6. Let q be x(d). What is the highest common factor of q and 50?
10
Suppose 3*g - 3 = -3*f, -11 - 1 = -4*g + 4*f. Suppose 0 = 4*l - g*p - 142, -60 = -3*l - 3*p + 42. Calculate the highest common divisor of l and 385.
35
Let s